{"id":115,"date":"2015-01-04T21:05:55","date_gmt":"2015-01-04T20:05:55","guid":{"rendered":"http:\/\/gospelchor-bischofszell.ch\/wordpress\/?page_id=115"},"modified":"2022-05-30T14:47:06","modified_gmt":"2022-05-30T12:47:06","slug":"ueber-uns","status":"publish","type":"page","link":"https:\/\/gospelchor-bischofszell.ch\/wordpress\/ueber-uns\/","title":{"rendered":"\u00dcber uns"},"content":{"rendered":"<p><strong>Wer wir sind:<\/strong><\/p>\n<p>Der Gospelchor Bischofszell wurde 2006 gegr\u00fcndet und besteht aus 15 S\u00e4ngerinnen und S\u00e4ngern.<\/p>\n<p>Zum Repertoire geh\u00f6ren viele Facetten der Gopelmusik: Traditionals, Spirituals, Modern Gospel und Worship.<\/p>\n<p>Begleitet wird der Chor am Piano und erfahrene Solisten.<\/p>\n<p>Ein hohes musikalisches Niveau und gemeinsames Vorw\u00e4rtskommen sind uns genau so wichtig wie die Begeisterung f\u00fcr Gospelmusik.<\/p>\n<p><strong>Neue S\u00e4nger und S\u00e4ngerinnen sind jederzeit herzlich willkommen!<\/strong><\/p>\n<p><strong>&nbsp;<\/strong><\/p>\n<p><strong>Was wir bieten:<\/strong><\/p>\n<ul>\n<li>Abwechslungsreiche und anspruchsvolle Proben unter professioneller Leitung<\/li>\n<li>Stimmbildung und Stimmtraining im Chor nach&nbsp; CVT (<a href=\"http:\/\/www.cvt-switzerland.ch\/cvt-de\">Complete Vocal Technique<\/a>)<\/li>\n<li>Die M\u00f6glichkeit, B\u00fchnenerfahrung zu sammeln oder zu vertiefen (bei entsprechender Eignung auch als Solist-\/in)<\/li>\n<li>Begleitung durch Profiband und erfahrene Solisten<\/li>\n<li>Noten und H\u00f6rbeispiele zum \u00dcben<\/li>\n<li>Aufgeschlossene, motivierte und offene S\u00e4ngerinnen und S\u00e4nger<\/li>\n<\/ul>\n<p><strong>Was wir erwarten:<\/strong><\/p>\n<ul>\n<li>Regelm\u00e4ssigen Probenbesuch<\/li>\n<li>Bereitschaft, an der eigene Stimme zu arbeiten und musikalisch weiter zu kommen<\/li>\n<\/ul>\n<p>&nbsp;<\/p>\n<p><strong>Neumitglieder\/Buchung:<\/strong><\/p>\n<p>Bianca Haas<br \/>\n<span class=\"auto-style2\">078 864 40 68<\/span><span class=\"auto-style3\"><br \/>\n<\/span><span class=\"auto-style2\"><a href=\"bianca.haas24@gmail.com\">bianca.haas24@gmail.com<\/a><\/span><\/p>\n<p>&nbsp;<\/p>\n<p><strong>Chorleitung\/Musikalische Leitung:<\/strong><\/p>\n<p>Carol Vladani:<br \/>\n<span class=\"style9\">071 298 08 22<br \/>\n<\/span><span class=\"style9\"><a href=\"mailto:c.vladani@gospelchor-bischofszell.ch\">c.vladani@gospelchor-bischofszell.ch<\/a><\/span><\/p>\n<p>&nbsp;<\/p>\n<p><strong>Interesse?<\/strong><\/p>\n<p>Besuche unverbindlich eine Chorprobe (keine Anmeldung n\u00f6tig)<\/p>\n<p>Schicke uns deine E-Mailadresse f\u00fcr Informationen \u00fcber unsere n\u00e4chsten Auftritte<\/p>\n<p>oder kontakte uns via unserem Kontaktformular f\u00fcr mehr Informationen:<\/p>\n<p>&nbsp;<\/p>\n<p class=\"wpcf7-contact-form-not-found\"><strong>Fehler:<\/strong> Kontaktformular wurde nicht gefunden.<\/p>\n<p>&nbsp;<\/p>\n<p>&nbsp;<\/p>\n","protected":false},"excerpt":{"rendered":"<p class=\"excerpt\">Wer wir sind: Der Gospelchor Bischofszell wurde 2006 gegr\u00fcndet und besteht aus 15 S\u00e4ngerinnen und S\u00e4ngern. Zum Repertoire geh\u00f6ren viele Facetten der Gopelmusik: Traditionals, Spirituals, Modern Gospel und Worship. Begleitet wird der Chor am Piano und erfahrene Solisten. Ein hohes musikalisches Niveau und gemeinsames Vorw\u00e4rtskommen sind uns genau so wichtig wie die Begeisterung f\u00fcr Gospelmusik. Neue S\u00e4nger und S\u00e4ngerinnen sind&hellip;<\/p>\n<p class=\"more-link-p\"><a class=\"btn btn-default\" href=\"https:\/\/gospelchor-bischofszell.ch\/wordpress\/ueber-uns\/\">Read more<\/a><\/p>\n","protected":false},"author":3,"featured_media":0,"parent":0,"menu_order":0,"comment_status":"open","ping_status":"closed","template":"","meta":{"ngg_post_thumbnail":0,"jetpack_post_was_ever_published":false,"footnotes":""},"class_list":["post-115","page","type-page","status-publish","hentry"],"jetpack_sharing_enabled":true,"jetpack_shortlink":"https:\/\/wp.me\/P5AJIn-1R","_links":{"self":[{"href":"https:\/\/gospelchor-bischofszell.ch\/wordpress\/wp-json\/wp\/v2\/pages\/115","targetHints":{"allow":["GET"]}}],"collection":[{"href":"https:\/\/gospelchor-bischofszell.ch\/wordpress\/wp-json\/wp\/v2\/pages"}],"about":[{"href":"https:\/\/gospelchor-bischofszell.ch\/wordpress\/wp-json\/wp\/v2\/types\/page"}],"author":[{"embeddable":true,"href":"https:\/\/gospelchor-bischofszell.ch\/wordpress\/wp-json\/wp\/v2\/users\/3"}],"replies":[{"embeddable":true,"href":"https:\/\/gospelchor-bischofszell.ch\/wordpress\/wp-json\/wp\/v2\/comments?post=115"}],"version-history":[{"count":25,"href":"https:\/\/gospelchor-bischofszell.ch\/wordpress\/wp-json\/wp\/v2\/pages\/115\/revisions"}],"predecessor-version":[{"id":1756,"href":"https:\/\/gospelchor-bischofszell.ch\/wordpress\/wp-json\/wp\/v2\/pages\/115\/revisions\/1756"}],"wp:attachment":[{"href":"https:\/\/gospelchor-bischofszell.ch\/wordpress\/wp-json\/wp\/v2\/media?parent=115"}],"curies":[{"name":"wp","href":"https:\/\/api.w.org\/{rel}","templated":true}]}}